irst derivative of 1/4*m**4 + 6*m + 0*m**2 + 11/3*m**3 + 36. Give n(-11).
6
Suppose 6313 = 19*t + 6294. Let g(i) = -35*i**2 + 2*i - 1. What is g(t)?
-34
Let i be -1*42/(-4)*(-4)/6. Let b be (-34)/i*5 + 10/(-35). Suppose -4*k + b = -4. Let y(a) = -a + 6. Calculate y(k).
-1
Let f(q) = 19*q**3 + 49*q**2 - 2 - 53*q**2 - 18*q**3 + 3*q. Determine f(3).
-2
Let a = 29 - 32. Let j(o) = -2*o**2 - 5*o. Let y be j(a). Let l be 76/16 - (3/4)/y. Let t(p) = p + 2. Calculate t(l).
7
Let c(l) = -l**2 + 3*l. Let n(m) = -10*m**2 + 34*m - 1. Let f(h) = -9*c(h) + n(h). Let g(o) = -2*o - 1. Let i be g(-3). What is f(i)?
9
Suppose -4*h = 2*l - 10, 4*h - 5*l + 15 = -2*l. Suppose i = 3*i + 6, -4*b + 4*i - 4 = h. Let f(k) = -3 + k**2 + 11 - 5 - k + 6*k. Calculate f(b).
-1
Let p be (-3)/12 - (153/12)/17. Let r(g) = -29*g**3 + 2*g**2 + 2*g + 1. Calculate r(p).
30
Let h(i) = 2*i - 6. Let x(v) = -22*v + 66. Let k be x(3). Suppose 26*r - 30*r = -a - 5, k = 5*a - 2*r - 29. What is h(a)?
8
Let y(j) = 56*j - 6 + j**3 - 73*j + 5*j**2 + 19*j. Give y(-5).
-16
Let a(g) = 2*g**2 + 2*g - 1. Let o be a(-2). Let j(f) = 20*f + 230. Let v(d) = 43*d + 517. Let w(b) = -9*j(b) + 4*v(b). Calculate w(o).
-26
Let h(p) be the first derivative of p**3/3 - 3*p**2/2 - 2*p + 129. Let g(j) = j**3 + 7*j**2 + 6*j + 7. Let f be g(-6). What is h(f)?
26
Let f(i) be the first derivative of i**3/3 - 2*i**2 - 7874. Suppose 0 = -3*h - 0*h - 15, -4 = 2*t + 2*h. What is f(t)?
-3
Let p(y) = 2*y + 1. Let h be p(-3). Let m(a) = 2*a. Let x = 33 - 32. Let o(c) = -c**2 - 7*c + 2. Let j(n) = x*o(n) + m(n). Give j(h).
2
Suppose -245 = 110*w - 299 - 1156. Let x(g) = g**2 - 12*g + 4. What is x(w)?
-7
Let h(o) = 13*o + 44. Let d(r) = -84*r - 292. Let u(k) = -5*d(k) - 32*h(k). Determine u(-15).
-8
Let g(f) = -2*f**2 - 5*f + 404 + 3*f**2 + 402 - 826 - 5*f. What is g(14)?
36
Let h(u) = 34*u**2 + 62*u - 16. Let m(z) = -2*z**2 - 2*z + 1. Let g(t) = -2*h(t) - 30*m(t). What is g(-8)?
2
Let p(o) = -3*o**3 + 41*o**2 + 58*o + 30. Let n be p(15). Let v(r) = r**2 - r - 10. What is v(n)?
-10
Let y be 130/39 + 12/(-9). Suppose 5*a + 12 = 67. Suppose f - 3*f + q = -a, y*q + 17 = 3*f. Let w(l) = l**3 - 7*l**2 + 8*l - 3. Calculate w(f).
-13
Let b(l) = 2*l - 5. Let f be 651/147 - (-6)/(-14). Suppose 6*h = f*h - 12. Calculate b(h).
-17
Suppose -t - 9 = 2*p - 0*t, -4*p + 5*t = 39. Let r(z) be the third derivative of 0*z - 7*z**2 + 0 - 2/3*z**3 - 1/3*z**4 - 1/60*z**5. What is r(p)?
8
Let f(h) = -h**3 - 10*h**2 - 9*h + 7. Suppose 4*z - 27 = -63. Let b be f(z). Let t = -19 + b. Let g(l) = -l - 17. What is g(t)?
-5
Let l(j) = -58*j + 51. Let r be l(4). Let x = -180 - r. Let m(n) = n - 3*n**2 + 2*n**2 + 2*n**2. Calculate m(x).
2
Let l = -31 - -52. Suppose l = 5*a - 2*a. Let d(v) = 161 - 151 + v - 12. Determine d(a).
5
Let d(t) = -2*t**2 - 119 + 95 - 10*t + 14*t**3 - 16*t**3 + 8*t. Calculate d(0).
-24
Let r(h) = -h**2 - 7*h - 7. Let y = -226 + 282. Let s = y - 61. What is r(s)?
3
Let u(v) = -255*v + 27*v + 0 + 1 + 227*v. Let x(f) = -3*f**2 - 72 - 6*f**2 - 3*f**2 + 72*f. Let l(o) = -72*u(o) - x(o). What is l(1)?
12
Let h(l) = -l**2 + 5*l - 5. Let y be h(0). Let d(b) = -4*b**3 - 4*b + 13. Let k(z) = -5*z**3 - 2*z**2 - 5*z + 14. Let a(w) = y*k(w) + 6*d(w). What is a(-10)?
-2
Suppose 2*m - 20 = -5*t, -2*t - 179*m + 184*m = 21. Let h(l) be the first derivative of -3 - 1/2*l**t - 3*l. Give h(0).
-3
Let y(j) be the third derivative of -1/24*j**4 + 0*j - 91*j**2 - 1/6*j**3 + 0 - 1/60*j**5. What is y(-1)?
-1
Let q(g) = -3*g**2 + 4. Let o be q(0). Suppose -o*l = 4*l - l. Let p(c) = -2*c + 4. What is p(l)?
4
Let b(q) be the third derivative of 1/60*q**5 + 0 - 29*q**2 - 1/120*q**6 - q**3 + 1/12*q**4 + 0*q. Determine b(0).
-6
Suppose 240 - 36 = -3*u. Let c = -68 - u. Let y(r) = r. Determine y(c).
0
Suppose -51 = 3*i - 60. Suppose -4*l + 35 = -2*l - i*s, 0 = -4*l - 3*s + 25. Let p(t) = -t**2 + 10*t + 4. Determine p(l).
4
Suppose g - 2 = 3*a - 6*a, -4*a + g = 2. Suppose a = -0*z - 12*z + 792. Let v(y) = -66*y - z*y + 128*y - 4. Give v(-3).
8
Suppose -30*g - 2594 + 2414 = 0. Let z(l) = -l - 13. Calculate z(g).
-7
Let h = -65 - -67. Let l(j) = 539 - 5*j - 7*j**h - 541 + j**2 + j**3. Calculate l(6).
-32
Let g(y) = 40*y + 129. Let v(i) = -26*i - 83. Let p(s) = -5*g(s) - 8*v(s). Calculate p(-8).
-45
Let s(p) be the second derivative of -p**5/60 - p**4/12 + p**3/6 - 9*p**2/2 + 36*p. Let h(n) be the first derivative of s(n). Give h(-2).
1
Suppose -95*s - 2 = -96*s. Suppose -13 = 3*q - s*q + 4*h, 4*h = -8. Let p(u) = u + 2. Determine p(q).
-3
Let m be (-10)/(-35) - ((-200)/6)/((-756)/(-810)). Let r(t) = 4*t - 137. Determine r(m).
7
Let o be (36/20)/((-6)/(-20)). Let m(i) = 18*i - 3. Let u(x) = -32*x + 0 + 14*x + 8*x + 2. Let c(w) = -6*m(w) - 11*u(w). Give c(o).
8
Let z(u) be the first derivative of -u**4/12 - 4*u**3/3 - u**2/2 - 243*u - 52. Let g(a) be the first derivative of z(a). Give g(-8).
-1
Let z be 158/(-14) + (-2)/(-7). Let d be ((-5)/5 + -3)/((-2)/(-5)). Let v = z - d. Let j(u) = 7*u + 1. Calculate j(v).
-6
Let k(z) = -z**3 + 5*z**2 + 5*z + 4. Suppose 24 = -36*c + 40*c. Calculate k(c).
-2
Let l = 1765 - 1771. Let o(h) = -6*h - 9. What is o(l)?
27
Let p = 678 + -677. Let v(s) = -3*s - 2*s + 3*s + 4*s. What is v(p)?
2
Suppose -l - 162 + 157 = 0. Let d(j) = 2*j**3 - 13*j**2 + 11*j + 1. Let v(r) = 3*r**3 - 23*r**2 + 20*r + 3. Let s(q) = -5*d(q) + 3*v(q). Give s(l).
4
Suppose -5*w + 3*a + 236 = 0, -51*a + 156 = 3*w - 48*a. Suppose -50*b + w*b + 29 = -5*s, 2*b = -2*s - 2. Let n(m) = 2*m - 1. Calculate n(s).
-11
Let z be (-12)/(-4)*(-4)/(-6). Let n(k) be the third derivative of -k**4/12 + k**2 + k + 27. Calculate n(z).
-4
Let k(q) = -q**2 - 25*q - 4. Suppose -77*l = -32*l + 190*l + 5875. Give k(l).
-4
Let z = -238 - -244. Let v(u) = u - 2. Let h(y) = -3*y - 16. Let j(x) = z*v(x) - h(x). Determine j(-3).
-23
Let q = -140 + 155. Suppose -64 + q = -7*z. Let l(h) = h**3 - 8*h**2 + 4*h - 9. Calculate l(z).
-30
Let n(t) be the first derivative of -6*t**4 + 2*t**3/3 - t**2/2 + 1703. What is n(1)?
-23
Let o(c) = 2*c**3 + 19*c**2 + 198*c - 43. Let i(x) = -2*x**3 - 21*x**2 - 216*x + 43. Let f(y) = -11*i(y) - 12*o(y). What is f(0)?
43
Let j be (6 + (-132)/24)/(11/12 - 1). Let m(l) be the third derivative of l**6/120 + 7*l**5/60 + l**4/8 - 2*l**3/3 - 2*l**2. Give m(j).
14
Let p(q) = -28 + 3*q + 60 + 39. Let w be p(0). Let t(d) = w*d + 1 - 72*d - 5. What is t(-10)?
6
Suppose -9*v = -59 - 13. Let p(l) = -6*l - 6 + l**3 + 19 - 9 + 3*l**2 - v*l**2. Give p(6).
4
Suppose -3*y = 0, -3*f - 2*y + 3840 = 3*y. Let m = f + -1286. Let r(n) = -n**2 + n + 1. Let x(p) = -p**2 + 7*p - 4. Let t(l) = -2*r(l) + x(l). What is t(m)?
0
Let u(o) = -39*o + 8. Let k(s) = 8*s - 3. Let d(n) = -6*k(n) - u(n). Give d(7).
-53
Suppose -9*x = -8*x - 3. Let y(r) = -r**3 + 3*r - 6*r**2 - 3*r**2 + x*r + 9. Let t(l) = -l**3 - 8*l**2 + 6*l + 8. Let g(v) = 5*t(v) - 4*y(v). Determine g(-5).
-1
Let s(f) = f + 1365 - 1365. Let n(b) = b**3 - b**2 - b. Let d be n(2). Determine s(d).
2
Let p(q) = q - 12. Let m be 10/(-4)*(-455)/(-650)*4. Determine p(m).
-19
Let y(k) = 47*k + 38. Let u(n) = 12*n + 5. Let v(f) = 12*u(f) - 3*y(f). What is v(14)?
-12
Let b = 4 + -2. Let h(l) = 5*l - 1. Let f(r) = -r - 1. Let w(u) = b*f(u) - h(u). Suppose -79*k + 25 + 54 = 0. Determine w(k).
-8
Let u(w) = -2*w**2 - 9*w. Let n be u(-4). Let v(z) = 3*z**2 + 5 - z**3 - 1650*z + 1654*z - 4. Determine v(n).
1
Let r(p) = -2*p + 2. Let c be 236/10 - (-6)/15. Let q be c*(11/(-3) + 2 + -1). Let k = q - -57. Calculate r(k).
16
Let h(j) = -199432*j**3 - 26 - 199437*j**3 - 3*j + 398868*j**3. Calculate h(-3).
10
Suppose -2*w - 44 + 9 = 5*r, 2*w - 3*r - 5 = 0. Let c be -2*1 + (-44)/(-55)*w. Let b(j) = j**3 + 6*j**2 - 6. Calculate b(c).
-6
Suppose -4*o - 5*r + 128 = 0, 2 = -2*r + 10. Let t(c) = 6*c - 143. Calculate t(o).
19
Suppose 370*g = 381*g - 935. Let c(d) = g*d**2 - 33*d**2 - 51*d**2 + 10*d + 15. Give c(-9).
6
Let g(u) = -2*u**3 + 44*u**2 - u + 20. Suppose -5*l - 47 + 42 = 0, -d - 5*l + 17 = 0. What is g(d)?
-2
Let f(v) = 55 - 46*v - 40*v + 80*v + 40 + 24. Calculate f(23).
-19
Let z(y) be the first derivative of 0*y**3 + 1/4*y**4 + 6*y + 0*y**2 - 21. Let b = 5 - 5. Give z(b).
6
Let x(y) be the first derivative of -4*y**2 - 46*y + 3398. Give x(-5).